 + 21*u**3 + 5*u + i*u**2 + 8 - 20*u**3. Suppose 0 = -4*z - 4 - 20. Give c(z).
2
Let h be (12/(-15))/((-2)/(-5)) - 5. Let g(r) = 8*r**3 - 5*r**2 - 3*r - 9. Let w(s) = 7*s**3 - 5*s**2 - 2*s - 8. Let x(f) = h*w(f) + 6*g(f). What is x(4)?
2
Let n = 35 - 146. Let i = n + 116. Let g(o) = o**3 - 7*o**2 + 6*o + 5. Determine g(i).
-15
Let m(s) be the third derivative of -s**5/20 - s**4/24 - 7*s**2. Suppose -1 = -133*g + 132*g. Give m(g).
-4
Let t be (5 + -5)/((-18)/9). Let q(d) = -d**3 - 4*d - 10. Calculate q(t).
-10
Let o be ((3 - 0) + 1)*-1. Let x(w) = -2*w**3 - 12*w**2 + 5*w - 7. Let g(f) = -f**3 - 6*f**2 + 4*f - 3. Let d(m) = -5*g(m) + 3*x(m). What is d(o)?
-18
Let i(s) = s**3 + 5*s**2 - 4*s + 6. Let f = 20 - 40. Let b = 17 + f. Let r be 24/(-8) + b*1. Calculate i(r).
-6
Let b(x) = x**2 + 3*x - 20. Let h(j) = -2*j**3 - 42*j**2 + 2*j + 37. Let a be h(-21). What is b(a)?
-10
Let v be 9*-3*4/(-36). Let q(t) = -19*t + 7. Calculate q(v).
-50
Let u be ((-3)/10)/(180/(-25)). Let q(d) be the third derivative of -u*d**4 + 3*d**2 + 1/30*d**5 + 1/6*d**3 - 1/120*d**6 + 0*d + 0. What is q(2)?
-1
Let n(i) = 2*i**2 - 8*i + 7. Let y be n(2). Let b(j) = 7*j + 2. Let q be b(y). Let h(g) = -g**2 - 5*g - 1. Determine h(q).
-1
Let x(r) = -r**2 - 8*r - 8. Let n be x(-6). Suppose 4*h - n = -24. Let g(j) = -j**3 - 6*j**2 - 6*j - 6. What is g(h)?
-1
Suppose -2*u = -3*a - 20, 4*u + 3*a = -1 + 23. Let m(q) = 4 - 3 + 6 - 6*q**2 + u*q**2 - q**3. What is m(0)?
7
Let x(v) = v - 5. Let o(r) = 1. Let g(a) = 6*o(a) - x(a). Give g(11).
0
Let n be 4/2 + 1 + -2. Let o(p) = -5*p + 6497 - 3246 - 3251. Calculate o(n).
-5
Let v = -40 - -78. Let s = -33 + v. Let a(n) = -n**3 + 5*n**2 + 2*n - 2. Calculate a(s).
8
Suppose -5*p + p = 24. Let w = -62 - -71. Let c(s) = 5*s - 13. Let m(r) = -r + 3. Let y(n) = w*m(n) + 2*c(n). Determine y(p).
-5
Let g(c) = -1 - 8*c + 3 - 3 - 1 + 9*c. Determine g(4).
2
Suppose 0 = 3*b - 2*s + 17, -3*b + 15*s = 10*s + 20. Let t(n) = n**3 + 5*n**2 - 3*n - 17. Calculate t(b).
-2
Let c(m) = -2*m + 3. Let p(v) = -v + 1. Let x(a) = 3*c(a) - 7*p(a). Suppose z - 5 = 11. Let h = z - 22. Calculate x(h).
-4
Let j(g) = 4*g**2 + g - 2. Let x(m) = 3*m**2 - 8*m - 1. Let a be x(3). What is j(a)?
16
Let d(v) = -39*v. Suppose 3*k - 4*f = 3, 0 = -k - 3*f + 76 - 75. What is d(k)?
-39
Let q(u) = u**3 - 6*u**2 - 12*u + 3. Let c(p) = p**3 - 11*p**2 + 27*p - 16. Let m be c(8). Calculate q(m).
35
Let q(z) = -9*z**2 - z + 20. Let a(w) = 7*w**2 - 21. Let n(d) = 4*a(d) + 3*q(d). Determine n(7).
4
Let r = 38 + -36. Let m(j) = -16*j**2 + 8*j**r + j**3 + j + 15*j**2 + 10. Calculate m(-7).
3
Let d(w) = -w**2 + 4*w + 5. Let n be (-1)/(-2) - (-1552)/32. Suppose -17 + n = 8*g. Give d(g).
5
Let u(v) = -2*v**3 - 3*v**2 + 5*v + 3. Suppose -17*n = -8*n + 27. What is u(n)?
15
Let a(t) = -34*t + t**3 - 3 + 17*t + t**2 + 16*t. Let m(n) = -n**2 - 5*n + 6. Let l be m(-6). Give a(l).
-3
Let z(u) = u - 2. Let j(y) = 4*y - 8. Let c be j(5). Suppose -c = -i - 5. Give z(i).
5
Let v(j) = j - 7*j + 2*j + 2*j. Let y be (5/(-3) - -1)*-3. Suppose s = 4*o - 10, -s = -2*o + y + 2. What is v(s)?
-4
Suppose -9*n + 22 - 4 = 0. Let h(y) = 3*y - 4*y + 1058*y**3 - 1059*y**3 + 4*y + n*y**2. What is h(3)?
0
Let s(h) = h + 15. Let f be (-6)/(-30) + 3 + (-162)/10. Calculate s(f).
2
Let n(u) be the first derivative of u**6/120 + u**5/15 + u**4/8 + 2*u**3/3 + u**2/2 - 11. Let c(y) be the second derivative of n(y). Give c(-3).
4
Let q = 40 - 46. Let c(z) be the third derivative of z**5/60 + z**4/4 + z**3/6 + 4*z**2. Give c(q).
1
Let p(i) = -11*i - 44. Suppose 4*r = -3*r + 119. Let c(g) = 4*g + 15. Let x(f) = r*c(f) + 6*p(f). What is x(7)?
5
Let v be (-128)/(-12) - 8/12. Suppose -8*m - 4 = -v*m. Suppose 0 = 4*c + 5 + 11, -4 = -m*u - 3*c. Let p(l) = l**2 - 8*l + 2. Determine p(u).
2
Let d(k) = -3*k - 6. Suppose -78 = 15*r - 3. Calculate d(r).
9
Let y(o) = -2 + 31*o - 5*o - 28*o. Determine y(4).
-10
Let l(z) = -z**3 - 9*z**2 - 9*z - 3. Let w be l(-8). Suppose 3*n = -w*i - 18, 4*i = -5*n - 2 - 2. Let c(g) = -g + 1. Determine c(i).
7
Suppose -4*c = -7*c - 24. Let j(w) = 2 - 2 - 7 - w + 2. Determine j(c).
3
Let t(i) = -7*i. Let w = 18 - 2. Suppose -h + 6*j + 23 = j, 0 = -2*h + 4*j + w. What is t(h)?
14
Let v(k) = -2*k**3 - 3*k**2 + 2*k. Let y be v(1). Let a(d) = -d - 1. Let c = 18 + -16. Let u(h) = 2*h. Let j(i) = c*u(i) + 2*a(i). What is j(y)?
-8
Let v(r) be the second derivative of 5/3*r**3 + 1/8*r**4 - 1/360*r**6 + 0*r**5 + 3*r + 0*r**2 + 0. Let x(q) be the second derivative of v(q). What is x(-4)?
-13
Suppose -10*m = 128 - 638. Suppose -m = z - 47. Let a(c) be the first derivative of c**4/4 + 5*c**3/3 + 3*c**2 + c + 1. Give a(z).
-7
Let y = 66 - 41. Let v(u) = 6*u - y - 24 - 3*u**2 + 5*u**2 + 50. Let x be 9/(-3)*4/3. Calculate v(x).
9
Let r(n) = n - 1. Let i be (0 - (-3)/3)*2. Let m be ((-2)/(-4))/((-1)/(-2)). Suppose 3*t - 10 = -i*t + 5*v, -2*t = -v + m. What is r(t)?
-4
Let n(w) = 49 - 26 - 2*w - 9*w - 27. What is n(-3)?
29
Let p(t) = 12*t - 11*t**2 - 31*t - 8*t**2 + 6 - 12 + 20*t**2. Calculate p(19).
-6
Let y(b) = 0*b + 0*b + 3 + b. Let x be ((-6)/5)/(6/20). What is y(x)?
-1
Let u be -2*5/(-5) + -4. Let s(p) = -p**3 - 6*p**2 + 7*p + 5. Let b(l) = -2*l**3 - 6*l**2 + 8*l + 5. Let z(j) = u*b(j) + 3*s(j). Give z(5).
5
Let n(w) be the second derivative of -w**5/20 - w**4/3 + w**3 + w**2 + 318*w. Determine n(-5).
-3
Let d(p) = p**3 + 8*p**2 + p. Let h = 3033 - 3037. Give d(h).
60
Let d(z) = -z**2 + 8 + 6*z - 9*z - 16 + 6. Calculate d(-3).
-2
Let a(p) = 2 + 2 - 21*p + 10*p. What is a(-3)?
37
Let w(o) = o**2 - 16*o + 42. Let j be w(13). Let h(v) be the first derivative of 1/3*v**3 + v + 3/2*v**2 - j. Give h(-2).
-1
Suppose -u + 10*u = 36. Suppose -8 = -2*v, u*b = -b - 5*v + 55. Let l(i) = i**3 - 8*i**2 + 6*i - 1. What is l(b)?
-8
Let h(a) = a**2 + 5*a + 5. Let x be h(-8). Let z = x - 26. Let g(u) = 5 - z + 3 - 2*u + 0. Determine g(-4).
13
Let j(v) = -v**2 + 11*v + 17. Let b be (-14 + 6)/((-20)/30). Give j(b).
5
Let g(k) = 4*k - 3*k - 2*k**2 + 3*k**2 - k**3 + 2. Let j = -491 - -491. Calculate g(j).
2
Suppose m + 1 = 2*m + 5*o, -m - 1 = 3*o. Let k(x) = 5*x**2 + 22*x - 6. Let s(q) = q**2 + 5*q - 1. Let d(g) = -k(g) + 4*s(g). Calculate d(m).
-6
Let z(k) = 5*k - 8. Let p(x) = x - 1. Let g(y) = -4*p(y) + z(y). What is g(-9)?
-13
Let t(b) be the first derivative of b**5/120 + b**4/12 - 19*b**3/3 - 2. Let m(q) be the third derivative of t(q). Give m(-7).
-5
Let p(n) = 2*n**3 - 4*n**2 + 3*n - 2. Let q be p(2). Let l be q + ((-12)/(-4) - 4). Let v(m) = 7 - l + 4*m - m - 3. Determine v(2).
7
Let s(x) = x**3 - 3*x**2 - 43*x + 20. Let v be s(8). Let o(g) be the first derivative of 1/3*g**3 + 6*g + 7/2*g**2 + 1. What is o(v)?
-6
Let y be (-1)/2 - (-2)/4. Let v be ((-4)/(-7))/(16/56). Let c = y - v. Let u(x) = x**3 + 2*x + 2. Give u(c).
-10
Suppose -2*b - 8 = -32. Let u(w) = w**2 - 13*w + 4. Give u(b).
-8
Let i(p) = -p**3 + 7*p**2 - 2*p + 16. Let t be i(7). Let x(k) = k**3 + 13*k**2 + t - 8*k**2 - 7*k + 6. Calculate x(-6).
14
Let b(t) = -t**2 - t + 4. Let h(q) = q**2 - 2*q - 7. Let d be h(6). Let c = 17 - d. Suppose -j + 3*m = c, 5*m = -0*j - 3*j. Calculate b(j).
4
Let y(x) be the second derivative of 1/2*x**3 - 23*x + 0 + 1/20*x**5 + 1/2*x**2 + 1/6*x**4. Calculate y(-2).
-5
Let d(m) be the first derivative of -m**2/2 - 15*m + 553. Give d(-5).
-10
Let f = 20 + -16. Let b be (f*-2)/(8 + -6). Let t(k) = -k**3 - 4*k**2 - 3*k - 5. Calculate t(b).
7
Suppose 12*p - 4*v = 13*p - 9, -3*p - 21 = -4*v. Let q(g) = 11*g + 5. Give q(p).
-28
Let p(r) = -r. Let n(g) = g**3 + 4*g**2 - 6*g - 7. Let c be n(-5). Let f be p(c). Let s(w) = 4*w**2 - 3611 + 1809 - 4*w + 0*w**2 + 1804. Calculate s(f).
10
Let k = 87 + -42. Let l = k - 50. Let y(q) = q**2 + 6*q + 4. Give y(l).
-1
Let r(a) be the third derivative of 0*a - 1/2*a**3 + 1/15*a**5 - 14*a**2 - 1/12*a**4 - 1/120*a**6 + 0. Determine r(3).
0
Let q(t) = -t**2 - 1. Suppose -h + 0 = -u + 1, 5*u = -2*h - 37. Let m be ((-3)/(-3))/(-2) + 9/h. Calculate q(m).
-5
Let u(q) be the first derivative of -q + 29 - 7/2*q**2. What is u(1)?
-8
Let d(y) = 22 + y - 48 + 21. Suppose -43 = -5*o - 0*o - w, 2*o - 5*w = 1. What is d(o)?
3
Let l(t) = -t**2 + 2*t + 7. Let y(m) = 4*m + 21. Let f(i) = 9*i + 42. Let h(w) = 2*f(w) - 5*y(w). Let 